12)/(-3).
3
Let v(p) be the first derivative of -p**4/4 + p**3/3 + p**2/2 + 28*p + 2. What are the prime factors of v(0)?
2, 7
Suppose 2*i - 1218 = -4*v, -2*v - 2*i + 598 = -14. What are the prime factors of v?
3, 101
Suppose 0*z = 4*z. Suppose 5*k = 4*q - 105, z = -4*q + k - 4*k + 65. What are the prime factors of q?
2, 5
Let g = 480 + -97. List the prime factors of g.
383
Let c(h) = 75*h**2 - 1. Let w be c(-1). Suppose -3*z + w - 17 = 0. What are the prime factors of z?
19
Suppose r = -3 + 9. What are the prime factors of 2/r - 35/(-3)?
2, 3
Let k(m) = -52*m + 10. Let c be k(-8). What are the prime factors of (-12)/28 + c/14?
2, 3, 5
Let m(n) = -2 - n + n + n + n**2. Let i be m(-3). Suppose i*b - 41 = -1. List the prime factors of b.
2, 5
Suppose -o = -4*o + 36. List the prime factors of o.
2, 3
Let k(h) = -3*h + 4*h - 3*h**2 - 5*h**3 + 6*h**3. Let y be k(3). Suppose y*j + 1 - 14 = -d, -2*j + 8 = d. What are the prime factors of j?
5
Let s(i) = i + 11. Let n be s(0). Let j = -7 + n. What are the prime factors of j?
2
What are the prime factors of (-1 + 2 + 2)*9?
3
Let f be ((-16)/(-4) + -7)*-1. Suppose f*p - 16 = -4. What are the prime factors of p?
2
Let s = 6 - 2. Suppose 3*r = s + 23. List the prime factors of r.
3
Suppose 3*q + 38 = -73. Let o = -12 - q. List the prime factors of o.
5
Suppose 5*a - 283 = -4*p + 2*a, 2*p = 5*a + 161. List the prime factors of p.
73
Suppose 10 - 40 = 5*y. Let a = y - -14. List the prime factors of a.
2
Let m(x) = -x + 18. Let i be m(0). Suppose -4*a + 10 + i = 0. List the prime factors of a.
7
Let n be (-52)/(-16) - (-1)/(-4). Suppose -45 - 15 = -n*v. Suppose 0 = 2*w - v - 6. What are the prime factors of w?
13
Suppose -5*s + 228 = -4*u, 4*u + 0*u = 12. What are the prime factors of s?
2, 3
Let m(j) = j**2 + 9*j + 10. Let n be m(-8). Suppose -n*q - 3*q + 15 = 0. Let z = 5 - q. List the prime factors of z.
2
Let n(v) be the second derivative of -27*v**5/20 - v**4/12 + v**3/6 + v**2/2 + 2*v. List the prime factors of n(-1).
2, 13
Let w = 24 + -14. Let q = 8 + -14. Let x = q + w. List the prime factors of x.
2
Let m be (-2)/2*(-6 + -1). Let q = -4 + m. What are the prime factors of q?
3
Let g = 41 + -69. Let s be ((-8)/10)/(2/(-5)). What are the prime factors of s/3 - g/12?
3
Let z be 2*-1 - (-8 + 0). Suppose 3*s = s + z. List the prime factors of s.
3
Suppose -3*h + 396 = 3*j, 0 = -2*h - 0*j + j + 273. What are the prime factors of h?
3, 5
Let d(h) = h**2 + h**2 + 2*h**2. Let n be d(-1). Suppose -n*t + 2*i + 14 = 0, -5*i = -0*i - 15. What are the prime factors of t?
5
Let w = -15 - -1. Let g = 27 + w. List the prime factors of g.
13
Suppose -l - 2*q + 95 = 0, l - 83 = -6*q + 8*q. List the prime factors of l.
89
Let k(t) = -t**3 - 3*t**2 + 3*t. Let x be k(-4). Suppose c = x*c - 12. Suppose c*b + 0*b - 26 = -5*d, 3*b - 5*d = 37. What are the prime factors of b?
3
Let w be 6/4*(-4)/(-3). Suppose -32 = -w*d + 12. Suppose 0 = -5*u + d + 8. What are the prime factors of u?
2, 3
Let m(g) be the third derivative of 0 + 0*g**4 - 1/6*g**3 - 2*g**2 + 0*g + 1/15*g**5. List the prime factors of m(-1).
3
Let w = 20 + -22. Let q = w - -13. List the prime factors of q.
11
List the prime factors of (-255)/(-4) + -4*8/(-128).
2
Let z = -223 + 316. What are the prime factors of z?
3, 31
Let v be (-40)/(-18) + 2/(-9). Suppose v*i = 0, -4 = 4*k - 0*i - 3*i. List the prime factors of (-6)/(-2 + (k - -1)).
3
Let s(b) = -b**3 - 7*b**2 - 5*b + 13. List the prime factors of s(-7).
2, 3
List the prime factors of (6/4)/((-2)/(-16)).
2, 3
Let m(i) be the first derivative of -5*i**2 - 4*i - 2. What are the prime factors of m(-3)?
2, 13
Let s(b) = -8*b - 1. List the prime factors of s(-2).
3, 5
Let a(v) = -v**2 + 13*v - 2. Let u(x) = x + 12. Let s be u(0). List the prime factors of a(s).
2, 5
Let l = 3 - 2. Suppose 14 = 2*b + 2*v, -3*v + 4 - l = 0. What are the prime factors of b?
2, 3
List the prime factors of -24*(-1)/(4 + -3).
2, 3
What are the prime factors of (-6)/(-27) + (-480)/(-27)?
2, 3
Suppose 2*f - 19 - 26 = -3*r, 5*r + 42 = f. List the prime factors of f.
3
Suppose -40 - 38 = -3*h. Suppose 4*n = h + 14. List the prime factors of n.
2, 5
Suppose -3*p = -3, -2*z + 2*p = -p - 653. List the prime factors of z.
2, 41
Suppose 4*c = -2*b + 54, -8*c - 51 = -b - 4*c. List the prime factors of b.
5, 7
Let p be (2 - 0)*(3 + -2). Let f = 6 + p. What are the prime factors of f?
2
Let c(u) = u**3 - u**2 - 2. Let i be c(2). Suppose 5*o - 34 = -i*p, -o + 0*o + 2 = 2*p. List the prime factors of o.
2
Let d be 5 + 0 - (2 - 1). Let z(j) be the third derivative of -j**6/120 + j**5/10 - 7*j**4/24 + j**3 - 3*j**2. What are the prime factors of z(d)?
2, 5
Suppose -p = 0, 5*p = 4*o + p - 20. Let c be (o - 1) + -2 + -1. Let x = c + 9. List the prime factors of x.
2, 5
Suppose 5*p + 562 = 3*y, -493 = -4*y + 4*p + 259. What are the prime factors of y?
3, 7
Let f(d) = -d**2 + 10*d + 4. Let u be f(8). What are the prime factors of 870/u - (-1)/(-2)?
43
Let g(x) = x**3 + 6*x**2 - 5*x - 11. List the prime factors of g(-5).
3, 13
List the prime factors of 2 + -221*(-3 - -2) + 4.
227
Let t = 8 + 20. What are the prime factors of t?
2, 7
What are the prime factors of (-2)/(-7) + 96/56?
2
Suppose -4*q = 12, -7*a + 50 = -2*a - 5*q. Let z(y) = y**2 - 3 - a*y + y - 2. List the prime factors of z(7).
2
Let v be (1 + -1)/(-3 + 4). Suppose 5*p + 7*k - 25 = 2*k, -3*p + 3*k + 15 = v. Suppose p*i - 18 = 97. List the prime factors of i.
23
Suppose 3*q + 2*w - 97 = -0*w, -3*q + 5*w + 83 = 0. What are the prime factors of q?
31
Let d(b) = -b**2 + 17*b + 7. What are the prime factors of d(16)?
23
Let f(i) = 2*i**2 - 9*i - 5. Let g(l) = 3*l**2 - 18*l - 9. Let q(b) = -5*f(b) + 3*g(b). What are the prime factors of q(-6)?
2
Let c(n) = 14*n**2 + 2*n - 1. Suppose -7 = -5*x - 2. What are the prime factors of c(x)?
3, 5
Let g(k) be the second derivative of 3*k**5/20 - k**4/4 + k**3/6 - k**2/2 + 5*k. What are the prime factors of g(2)?
13
List the prime factors of 78*1*2/4.
3, 13
Suppose -5*h = -217 - 373. What are the prime factors of h?
2, 59
Let h(i) = i**2 + 8*i + 42. List the prime factors of h(-10).
2, 31
Suppose 6*h - 199 - 143 = 0. List the prime factors of h.
3, 19
Suppose 3*g + x - 124 = 0, 232 - 28 = 5*g - x. What are the prime factors of g?
41
Suppose m + 0*m = 21. What are the prime factors of m?
3, 7
Let a(w) = 2*w**2 - 4 - w**2 - w - 1. Let l be a(4). Suppose r + l = q + 3, -2*r = 4. List the prime factors of q.
2
Let n = 121 + -35. List the prime factors of n.
2, 43
Suppose 7*v = 6*v + 31. What are the prime factors of v?
31
Suppose 0*g - 480 = -4*g. What are the prime factors of g?
2, 3, 5
Let r(l) = -l**2 + 8*l - 3. Let p be r(5). Let w = -68 - -11. List the prime factors of (w/(-12))/(3/p).
19
Let k = -20 + 428. What are the prime factors of k?
2, 3, 17
What are the prime factors of -3*(-1 + 3)*(-40)/6?
2, 5
Suppose 0 = 2*y - 24 + 4. Let d = -8 + 6. What are the prime factors of (46/y)/(d/(-10))?
23
Let q(l) = -l**2 - 9*l - 5. Suppose -12 = s - 5*s. Let o be -8 - (-6)/(s + 0). List the prime factors of q(o).
13
What are the prime factors of (59 + 1)/(11/(44/3))?
2, 5
Suppose -l + 3024 = 13*l. List the prime factors of l.
2, 3
List the prime factors of 18/((-6)/(-3))*5.
3, 5
Suppose 4*s + s - 201 = 3*i, 0 = -3*i + 9. What are the prime factors of s?
2, 3, 7
Suppose c - 2*c = u - 38, -4*u - c + 140 = 0. List the prime factors of u.
2, 17
List the prime factors of (-2)/(-9) - 345/(-27).
13
Let t = 50 - -58. List the prime factors of t.
2, 3
Suppose 5*x - 95 - 75 = 0. Suppose x = z + z. List the prime factors of z.
17
Let q be 9/6*28/6. Suppose -4*p = -5*f + q, -2*p - 6 = -5*f + 5. Suppose c + p*c - 9 = 0. List the prime factors of c.
3
Let g = -40 + 113. What are the prime factors of g?
73
Let g(b) = b**3 - 10*b**2 + 2*b. Let k(t) = t**2 - 6*t + 3. Let m be k(7). List the prime factors of g(m).
2, 5
Let l = 74 + 12. List the prime factors of l.
2, 43
Suppose -m = -2*n + 3*m, -24 = -5*n + 2*m. Suppose 11*a - 50 = n*a. Suppose 0 = -u - 3*z - 1 + 19, 4*z = u + a. What are the prime factors of u?
2, 3
List the prime factors of (2/6)/(6/1692).
2, 47
Suppose -151 = -h - 3*m, -5*m + 654 = 4*h - 3*m. What are the prime factors of h?
2, 83
Suppose 135 = 8*w - 193. What 